{"id":27,"date":"2020-08-13T15:50:29","date_gmt":"2020-08-13T13:50:29","guid":{"rendered":"http:\/\/etviedanses.fr\/?page_id=27"},"modified":"2025-08-20T17:48:46","modified_gmt":"2025-08-20T15:48:46","slug":"accueil","status":"publish","type":"page","link":"https:\/\/etviedanses.fr\/","title":{"rendered":"Accueil"},"content":{"rendered":"\n<p>L&rsquo;association Etviedanses propose l<span style=\"font-size: 1rem;\">a pratique de la Biodanza pour tout public, le partage des pratiques et des connaissances autour de l\u2019art de vivre et du mieux-\u00eatre en g\u00e9n\u00e9ral.<\/span><\/p>\n\n\n\n<p class=\"has-text-align-left has-drop-cap has-white-color has-text-color has-background has-large-font-size\" style=\"background-color:#d4b04d\"><mark style=\"background-color:rgba(0, 0, 0, 0)\" class=\"has-inline-color has-vivid-cyan-blue-color\">L&rsquo; atelier BIODANZA a lieu les : <strong>LUNDIS <\/strong>soirs <\/mark><mark style=\"background-color:rgba(0, 0, 0, 0)\" class=\"has-inline-color has-white-color\">de 20h \u00e0 22h <\/mark><mark style=\"background-color:rgba(0, 0, 0, 0)\" class=\"has-inline-color has-vivid-cyan-blue-color\">\u00e0 Poitiers<\/mark><mark style=\"background-color:rgba(0, 0, 0, 0)\" class=\"has-inline-color has-white-color\">  au <\/mark><a href=\"https:\/\/maps.app.goo.gl\/zsUPSD23fPAjcpU36\">Garden Blues<\/a> <mark style=\"background-color:rgba(0, 0, 0, 0)\" class=\"has-inline-color has-white-color\">                                         <\/mark> <mark style=\"background-color:rgba(0, 0, 0, 0)\" class=\"has-inline-color has-vivid-cyan-blue-color\"><strong>MARDIS<\/strong> apr\u00e8s-midis<\/mark> de 14h \u00e0 16h <mark style=\"background-color:rgba(0, 0, 0, 0)\" class=\"has-inline-color has-vivid-cyan-blue-color\">\u00e0 Chasseneuil<\/mark>, <a href=\"https:\/\/maps.app.goo.gl\/FtMV62jkhrcc35GG7\">salle des Ecluzelles<\/a><\/p>\n\n\n\n<p class=\"has-text-align-center is-style-plain has-white-color has-text-color has-background has-large-font-size\" style=\"background-color:#d4b04d\"><strong><mark style=\"background-color:rgba(0, 0, 0, 0)\" class=\"has-inline-color has-vivid-cyan-blue-color\">Reprises des ateliers :  <\/mark><mark style=\"background-color:rgba(0, 0, 0, 0)\" class=\"has-inline-color has-black-color\">LUNDI 15 septembre 20-22h au Gallery <\/mark><mark style=\"background-color:rgba(0, 0, 0, 0)\" class=\"has-inline-color has-white-color\">&amp; <\/mark><mark style=\"background-color:rgba(0, 0, 0, 0)\" class=\"has-inline-color has-white-color\">MARDI 16 septembre 14-16h aux Ecluzelles<\/mark><mark style=\"background-color:rgba(0, 0, 0, 0)\" class=\"has-inline-color has-vivid-cyan-blue-color\"> (sur inscription)<\/mark><\/strong><\/p>\n\n\n\n<p class=\"has-text-align-center has-luminous-vivid-amber-color has-vivid-cyan-blue-background-color has-text-color has-background has-medium-font-size\"><strong>PROCHAINES DATES pour DECOUVRIR :  LUNDI 15, 22 et 29 SEPTEMBRE et MARDI 16, 23 et 30 SEPTEMBRE <\/strong><a href=\"https:\/\/etviedanses.fr\/index.php\/informations-pratiques\/\"><mark style=\"background-color:rgba(0, 0, 0, 0)\" class=\"has-inline-color has-luminous-vivid-amber-color\"> <\/mark><\/a><\/p>\n\n\n\n<p class=\"has-text-align-center has-luminous-vivid-amber-color has-vivid-cyan-blue-background-color has-text-color has-background has-medium-font-size\"><strong>TARIF DECOUVERTE<\/strong> : <a href=\"https:\/\/etviedanses.fr\/index.php\/informations-pratiques\/\"><mark style=\"background-color:rgba(0, 0, 0, 0)\" class=\"has-inline-color has-luminous-vivid-amber-color\">10\u20ac la s\u00e9ance, 20\u20ac les 3 s\u00e9ances. <\/mark><\/a> <a href=\"https:\/\/etviedanses.fr\/index.php\/informations-pratiques\/\"><mark style=\"background-color:rgba(0, 0, 0, 0)\" class=\"has-inline-color has-luminous-vivid-amber-color\">Merci de vous inscrire auparavant au<strong>  06 47 20 17 58<\/strong>.<\/mark><\/a><\/p>\n\n\n\n<p class=\"has-text-align-center\" style=\"font-size:30px\"><mark style=\"background-color:rgba(0, 0, 0, 0)\" class=\"has-inline-color has-black-color\">  <\/mark><\/p>\n\n\n\n<p><strong>DU NOUVEAU CETTE ANNEE &#8211; <a href=\"http:\/\/etviedanses.fr\/index.php\/journees-stages-2021-2022\/\" target=\"_blank\" rel=\"noreferrer noopener\">Rendez-vous \u00e0 la page du  programme  2025-2026<\/a><\/strong><\/p>\n\n\n\n<figure class=\"wp-block-image size-full\"><img loading=\"lazy\" decoding=\"async\" width=\"380\" height=\"376\" src=\"http:\/\/etviedanses.fr\/wp-content\/uploads\/2023\/03\/rolando_toro.jpg\" alt=\"\" class=\"wp-image-994\" srcset=\"https:\/\/etviedanses.fr\/wp-content\/uploads\/2023\/03\/rolando_toro.jpg 380w, https:\/\/etviedanses.fr\/wp-content\/uploads\/2023\/03\/rolando_toro-300x297.jpg 300w, https:\/\/etviedanses.fr\/wp-content\/uploads\/2023\/03\/rolando_toro-100x100.jpg 100w\" sizes=\"auto, (max-width: 380px) 100vw, 380px\" \/><\/figure>\n\n\n\n<p>\u00ab\u00a0Je r\u00eave d&rsquo;une humanit\u00e9 qui s&rsquo;\u00e9treint et s&#8217;embrasse avec la joie de vivre, o\u00f9 la solitude n&rsquo;existe pas comme sentiment, o\u00f9 chacun reconna\u00eet la partie sacr\u00e9e de l&rsquo;autre.\u00a0\u00bb  R. TORO A<\/p>\n","protected":false},"excerpt":{"rendered":"<p>L&rsquo;association Etviedanses propose la pratique de la Biodanza pour tout public, le partage des pratiques et des connaissances autour de l\u2019art de vivre et du mieux-\u00eatre en g\u00e9n\u00e9ral. L&rsquo; atelier &hellip; <\/p>\n<p class=\"link-more\"><a href=\"https:\/\/etviedanses.fr\/\" class=\"more-link\">Continuer la lecture<span class=\"screen-reader-text\"> de &laquo;&nbsp;Accueil&nbsp;&raquo;<\/span><\/a><\/p>\n","protected":false},"author":1,"featured_media":0,"parent":0,"menu_order":0,"comment_status":"closed","ping_status":"closed","template":"","meta":{"footnotes":""},"class_list":["post-27","page","type-page","status-publish","hentry"],"_links":{"self":[{"href":"https:\/\/etviedanses.fr\/index.php\/wp-json\/wp\/v2\/pages\/27","targetHints":{"allow":["GET"]}}],"collection":[{"href":"https:\/\/etviedanses.fr\/index.php\/wp-json\/wp\/v2\/pages"}],"about":[{"href":"https:\/\/etviedanses.fr\/index.php\/wp-json\/wp\/v2\/types\/page"}],"author":[{"embeddable":true,"href":"https:\/\/etviedanses.fr\/index.php\/wp-json\/wp\/v2\/users\/1"}],"replies":[{"embeddable":true,"href":"https:\/\/etviedanses.fr\/index.php\/wp-json\/wp\/v2\/comments?post=27"}],"version-history":[{"count":57,"href":"https:\/\/etviedanses.fr\/index.php\/wp-json\/wp\/v2\/pages\/27\/revisions"}],"predecessor-version":[{"id":1379,"href":"https:\/\/etviedanses.fr\/index.php\/wp-json\/wp\/v2\/pages\/27\/revisions\/1379"}],"wp:attachment":[{"href":"https:\/\/etviedanses.fr\/index.php\/wp-json\/wp\/v2\/media?parent=27"}],"curies":[{"name":"wp","href":"https:\/\/api.w.org\/{rel}","templated":true}]}}

<p>L&rsquo;association Etviedanses propose l<span style="font-size: 1rem;">a pratique de la Biodanza pour tout public, le partage des pratiques et des connaissances autour de l’art de vivre et du mieux-être en général.</span></p>



<p class="has-text-align-left has-drop-cap has-white-color has-text-color has-background has-large-font-size" style="background-color:#d4b04d"><mark style="background-color:rgba(0, 0, 0, 0)" class="has-inline-color has-vivid-cyan-blue-color">L&rsquo; atelier BIODANZA a lieu les : <strong>LUNDIS </strong>soirs </mark><mark style="background-color:rgba(0, 0, 0, 0)" class="has-inline-color has-white-color">de 20h à 22h </mark><mark style="background-color:rgba(0, 0, 0, 0)" class="has-inline-color has-vivid-cyan-blue-color">à Poitiers</mark><mark style="background-color:rgba(0, 0, 0, 0)" class="has-inline-color has-white-color">  au </mark><a href="https://maps.app.goo.gl/zsUPSD23fPAjcpU36">Garden Blues</a> <mark style="background-color:rgba(0, 0, 0, 0)" class="has-inline-color has-white-color">                                         </mark> <mark style="background-color:rgba(0, 0, 0, 0)" class="has-inline-color has-vivid-cyan-blue-color"><strong>MARDIS</strong> après-midis</mark> de 14h à 16h <mark style="background-color:rgba(0, 0, 0, 0)" class="has-inline-color has-vivid-cyan-blue-color">à Chasseneuil</mark>, <a href="https://maps.app.goo.gl/FtMV62jkhrcc35GG7">salle des Ecluzelles</a></p>



<p class="has-text-align-center is-style-plain has-white-color has-text-color has-background has-large-font-size" style="background-color:#d4b04d"><strong><mark style="background-color:rgba(0, 0, 0, 0)" class="has-inline-color has-vivid-cyan-blue-color">Reprises des ateliers :  </mark><mark style="background-color:rgba(0, 0, 0, 0)" class="has-inline-color has-black-color">LUNDI 15 septembre 20-22h au Gallery </mark><mark style="background-color:rgba(0, 0, 0, 0)" class="has-inline-color has-white-color">&amp; </mark><mark style="background-color:rgba(0, 0, 0, 0)" class="has-inline-color has-white-color">MARDI 16 septembre 14-16h aux Ecluzelles</mark><mark style="background-color:rgba(0, 0, 0, 0)" class="has-inline-color has-vivid-cyan-blue-color"> (sur inscription)</mark></strong></p>



<p class="has-text-align-center has-luminous-vivid-amber-color has-vivid-cyan-blue-background-color has-text-color has-background has-medium-font-size"><strong>PROCHAINES DATES pour DECOUVRIR :  LUNDI 15, 22 et 29 SEPTEMBRE et MARDI 16, 23 et 30 SEPTEMBRE </strong><a href="https://etviedanses.fr/index.php/informations-pratiques/"><mark style="background-color:rgba(0, 0, 0, 0)" class="has-inline-color has-luminous-vivid-amber-color"> </mark></a></p>



<p class="has-text-align-center has-luminous-vivid-amber-color has-vivid-cyan-blue-background-color has-text-color has-background has-medium-font-size"><strong>TARIF DECOUVERTE</strong> : <a href="https://etviedanses.fr/index.php/informations-pratiques/"><mark style="background-color:rgba(0, 0, 0, 0)" class="has-inline-color has-luminous-vivid-amber-color">10€ la séance, 20€ les 3 séances. </mark></a> <a href="https://etviedanses.fr/index.php/informations-pratiques/"><mark style="background-color:rgba(0, 0, 0, 0)" class="has-inline-color has-luminous-vivid-amber-color">Merci de vous inscrire auparavant au<strong>  06 47 20 17 58</strong>.</mark></a></p>



<p class="has-text-align-center" style="font-size:30px"><mark style="background-color:rgba(0, 0, 0, 0)" class="has-inline-color has-black-color">  </mark></p>



<p><strong>DU NOUVEAU CETTE ANNEE &#8211; <a href="http://etviedanses.fr/index.php/journees-stages-2021-2022/" target="_blank" rel="noreferrer noopener">Rendez-vous à la page du  programme  2025-2026</a></strong></p>



<figure class="wp-block-image size-full"><img loading="lazy" decoding="async" width="380" height="376" src="http://etviedanses.fr/wp-content/uploads/2023/03/rolando_toro.jpg" alt="" class="wp-image-994" srcset="https://etviedanses.fr/wp-content/uploads/2023/03/rolando_toro.jpg 380w, https://etviedanses.fr/wp-content/uploads/2023/03/rolando_toro-300x297.jpg 300w, https://etviedanses.fr/wp-content/uploads/2023/03/rolando_toro-100x100.jpg 100w" sizes="auto, (max-width: 380px) 100vw, 380px" /></figure>



<p>« Je rêve d&rsquo;une humanité qui s&rsquo;étreint et s&#8217;embrasse avec la joie de vivre, où la solitude n&rsquo;existe pas comme sentiment, où chacun reconnaît la partie sacrée de l&rsquo;autre. »  R. TORO A</p>

<p>L&rsquo;association Etviedanses propose la pratique de la Biodanza pour tout public, le partage des pratiques et des connaissances autour de l’art de vivre et du mieux-être en général. L&rsquo; atelier &hellip; </p>
<p class="link-more"><a href="https://etviedanses.fr/" class="more-link">Continuer la lecture<span class="screen-reader-text"> de &laquo;&nbsp;Accueil&nbsp;&raquo;</span></a></p>
